{"id":162,"date":"2021-02-19T00:01:05","date_gmt":"2021-02-19T00:01:05","guid":{"rendered":"https:\/\/www.povrcekrstic.rs\/?page_id=162"},"modified":"2021-02-26T08:16:31","modified_gmt":"2021-02-26T08:16:31","slug":"kontakt","status":"publish","type":"page","link":"https:\/\/www.povrcekrstic.rs\/?page_id=162","title":{"rendered":"KONTAKT"},"content":{"rendered":"<h3>Va\u017ene informacije<\/h3><p>Imate savet za vesti ili unutra\u0161nje informacije o temi koju smo obradili? Voleli bismo da \u010dujemo od vas. Po\u0161aljite nam napomenu na <a href=\"mailto:povrcekrstic1@gmail.com\" target=\"_blank\" rel=\"noopener\">povrcekrstic1@gmail.com<\/a>.<\/p><p>Nemojte koristiti ovu adresu e-po\u0161te za slanje podataka o svojoj kompaniji.<\/p><p>Ako imate problema sa veb lokacijom ili ako imate bilo kakve predloge kako da je pobolj\u0161amo, po\u0161aljite nam e-po\u0161tu na <a href=\"mailto:povrcekrstic1@gmail.com\" target=\"_blank\" rel=\"noopener\">povrcekrstic1@gmail.com<\/a>.<\/p><p>Za velike ili jedinstvene kampanje kontaktirajte nas direktno na <a href=\"mailto:povrcekrstic1@gmail.com\" target=\"_blank\" rel=\"noopener\">povrcekrstic1@gmail.com<\/a> za zahteve za predloge i dodatne informacije o cenama.<\/p><p><a class=\"fa fa-phone\" href=\"tel:013\/671-032\"> 013\/671-032<\/a><br\/><a class=\"fa fa-envelope\" href=\"mailto:povrcekrstic1@gmail.com\"> povrcekrstic1@gmail.com<\/a><\/p>","protected":false},"excerpt":{"rendered":"<p>Va\u017ene informacijeImate savet za vesti ili unutra\u0161nje informacije o temi koju smo obradili? Voleli bismo da \u010dujemo od vas. Po\u0161aljite nam napomenu na povrcekrstic1@gmail.com.Nemojte koristiti ovu adresu e-po\u0161te za slanje podataka o svojoj kompaniji.Ako imate problema sa veb lokacijom ili ako imate bilo kakve predloge kako da je pobolj\u0161amo, po\u0161aljite nam e-po\u0161tu na povrcekrstic1@gmail.com.Za velike ili jedinstvene kampanje kontaktirajte nas direktno na povrcekrstic1@gmail.com za zahteve za predloge i dodatne informacije o cenama. 013\/671-032 povrcekrstic1@gmail.com&hellip;<\/p>\n","protected":false},"author":1,"featured_media":0,"parent":0,"menu_order":0,"comment_status":"closed","ping_status":"closed","template":"template.contact.php","meta":[],"_links":{"self":[{"href":"https:\/\/www.povrcekrstic.rs\/index.php?rest_route=\/wp\/v2\/pages\/162"}],"collection":[{"href":"https:\/\/www.povrcekrstic.rs\/index.php?rest_route=\/wp\/v2\/pages"}],"about":[{"href":"https:\/\/www.povrcekrstic.rs\/index.php?rest_route=\/wp\/v2\/types\/page"}],"author":[{"embeddable":true,"href":"https:\/\/www.povrcekrstic.rs\/index.php?rest_route=\/wp\/v2\/users\/1"}],"replies":[{"embeddable":true,"href":"https:\/\/www.povrcekrstic.rs\/index.php?rest_route=%2Fwp%2Fv2%2Fcomments&post=162"}],"version-history":[{"count":7,"href":"https:\/\/www.povrcekrstic.rs\/index.php?rest_route=\/wp\/v2\/pages\/162\/revisions"}],"predecessor-version":[{"id":375,"href":"https:\/\/www.povrcekrstic.rs\/index.php?rest_route=\/wp\/v2\/pages\/162\/revisions\/375"}],"wp:attachment":[{"href":"https:\/\/www.povrcekrstic.rs\/index.php?rest_route=%2Fwp%2Fv2%2Fmedia&parent=162"}],"curies":[{"name":"wp","href":"https:\/\/api.w.org\/{rel}","templated":true}]}}